r of 7 and o.
7
Let c be (-30)/(-9) - 1/3. Let x(n) = n**2 - 2*n - 1. Let m be x(c). Let z be 2 - (0 - m - 1). Calculate the highest common factor of 2 and z.
1
Let z = -46 + 54. Let h be (-1 - 83)/((-3)/2). Calculate the highest common factor of h and z.
8
Suppose -4*p = p. Suppose -3*r + 389 + 229 = p. Suppose -r = -5*g - 0*a - 2*a, 4*g + 5*a = 158. Calculate the highest common factor of 14 and g.
14
Let z be (0 + 1/(-2))*-10. Let i be z + 2 + -1 + 1. Suppose i*o - 2*o - 160 = -4*g, -g = -5*o - 15. What is the greatest common factor of 14 and g?
7
Suppose -3*f + 44 = f. What is the highest common factor of f and 77?
11
Let r be (144/(-14))/(6/(-28)). Suppose -1 = -q - 3. Let x be 10 + 4/(q/(-1)). Calculate the greatest common factor of x and r.
12
Let p(o) = 2*o**2 - 6*o + 2. Let v be p(3). What is the highest common divisor of 22 and v?
2
Suppose -5*x - 264 = -8*x. What is the highest common factor of x and 11?
11
Let w be -1*(-6 + 1/(-1)). Suppose 3*x = w*x - 68. Suppose 0 = -3*r + x - 2. What is the greatest common factor of r and 1?
1
Let y be (6/(-4))/(6/(-4)). Let r(w) = w - 1. Let p be r(10). Calculate the highest common factor of p and y.
1
Suppose 4*j - 27 = -7, 3*z - 1 = j. Suppose -l - 2*h = -6*h - 32, l + z*h = 8. What is the highest common factor of l and 80?
16
Let f be ((-1)/(-3))/((-2)/(-150)). Let z be 5/f - (-39)/5. Calculate the greatest common factor of 12 and z.
4
Suppose i + 3*f = 4*i - 18, 2*i - 12 = 5*f. Calculate the highest common divisor of i and 78.
6
Let h be -5 + 2 + -1 + 2. Let z be (h - 0)*(-12)/(-8). Let q be (4/(-3))/(z/297). Calculate the greatest common factor of 12 and q.
12
Suppose 18*n - 15*n = 54. Let t(i) = -11*i**3 - i. Let j be t(-2). Calculate the highest common factor of n and j.
18
Let w = 11 + -7. Suppose d + 2*o + 3 = -3, -w*o - 20 = 0. Suppose -u - d*u = -120. Calculate the highest common factor of 16 and u.
8
Let m be 2120/25 + 1/5 + -1. What is the greatest common factor of m and 56?
28
Let j be 583/7 + (-6)/21. Let y = j + -11. What is the highest common factor of 8 and y?
8
Suppose 0 = 5*q + 3*w - 1186, 0 = 3*q - 0*w + w - 710. Let b be q + -2*(2 - 1). Suppose -b = -3*p - 24. Calculate the greatest common factor of 28 and p.
14
Let u be (-2 - 3)/((-4)/8). What is the greatest common factor of u and 110?
10
Suppose 4*o - 57 - 13 = -3*w, 0 = -w - 2. Calculate the greatest common factor of 114 and o.
19
Let w = 38 - 23. Let a = w + -11. Let j be (-2875)/(-175) - (-6)/(-14). What is the highest common divisor of j and a?
4
Suppose -3*u = 3*w - 0*w - 21, u + 3 = 0. Calculate the greatest common factor of w and 80.
10
Let u(y) = y**3 - 11*y**2 - 14*y - 1. Let x be u(13). Suppose 3*i - 5*m = -m + 849, 2*m = 0. Let h = i - x. What is the highest common factor of h and 16?
16
Let g be -2 + (-3 - -2) - -75. What is the highest common divisor of g and 9?
9
Let f be 275/(-20)*(-6 - -2). What is the highest common factor of f and 5?
5
Suppose 0 = 3*h - 254 + 50. Calculate the greatest common factor of 170 and h.
34
Let y(o) be the first derivative of -o**4/4 - 5*o**3/3 + 5*o**2/2 - 6. Let k be y(-6). What is the greatest common divisor of k and 66?
6
Let w be -6*(-1)/(9/3). Suppose 5*k + 3*p + w*p = 210, -3*k = p - 132. Calculate the greatest common divisor of k and 5.
5
Let z = 2 + 6. What is the greatest common divisor of 40 and z?
8
Let g(x) = 113*x**2 + 1 + x + x + 20*x**2. Let a(h) = 3*h + 8. Let u be a(-3). Let v be g(u). Calculate the greatest common factor of v and 12.
12
Let p = -7 - -10. Suppose 3*c - 2*n - 20 = 2, 0 = -c - p*n. Let b(u) = 2*u. Let t be b(c). What is the greatest common divisor of 6 and t?
6
Let m be (1/2)/((-2)/(-120)). Let i be (-1573)/(-7) - (-2)/7. Suppose 0*q - i = -3*q. What is the greatest common divisor of q and m?
15
Let f = 174 + -98. Suppose 5*l + 24 = y, -2*l = -4*y + l + 79. Calculate the greatest common factor of f and y.
19
Let n = -27 + 52. Calculate the highest common factor of n and 5.
5
Let o(h) be the second derivative of h**3/6 + 7*h**2/2 - 7*h. Let x be o(-3). What is the highest common divisor of 10 and x?
2
Let n be 9/(1/2*2). What is the highest common divisor of n and 9?
9
Suppose -24 + 93 = 3*h. What is the highest common divisor of 23 and h?
23
Let z(l) = 2 - 6 - l - 2 + 4 - 4*l**2. Let v be z(2). Let s be (v/(-6))/((-2)/(-48)). What is the greatest common divisor of 32 and s?
16
Let i = -22 - -35. Let j be (-1)/(2 + (0 - 1)). Let n(c) = -103*c + 1. Let h be n(j). What is the greatest common factor of i and h?
13
Let s(z) = -2*z + 22. Let b be s(8). What is the greatest common factor of 150 and b?
6
Let k = 21 + -11. Let w(m) = 7*m - 7*m + 7*m**2 + m + m**3. Let o be w(-6). Calculate the greatest common factor of o and k.
10
Let v = -8 - -11. Suppose n - v*o = 159, -4*n - 2*o + 5*o + 654 = 0. Calculate the highest common divisor of n and 15.
15
Let z be 4*(-2)/(-4) - -28. Calculate the greatest common factor of z and 45.
15
Suppose 0 = -3*u, -45 = -5*p + 3*u + u. What is the greatest common factor of 18 and p?
9
Let k(r) be the third derivative of r**6/120 - r**5/4 + 5*r**4/8 + 5*r**3/3 + 3*r**2. Let z be k(14). What is the highest common factor of z and 12?
12
Suppose -20*n = -22*n + 80. Calculate the greatest common factor of 10 and n.
10
Let c(b) = b + 3*b + 0*b. Let r be c(1). Suppose -12 - 36 = -r*s. What is the highest common factor of 132 and s?
12
Suppose 2*l = 32 + 24. What is the highest common factor of l and 84?
28
Suppose -5*f + 3*q - 133 = 0, 2*f - 5*q = -2*f - 109. Let z = -14 - f. Calculate the greatest common factor of z and 8.
4
Suppose 417 + 183 = -5*g. Let s = g + 168. What is the highest common divisor of 120 and s?
24
Let z(r) = -31*r + 4. Let u be z(-2). What is the highest common divisor of u and 99?
33
Suppose 3*d - 13 = 53. Calculate the greatest common factor of 44 and d.
22
Let q be (-4 + -1)/((-1)/8). Let o(v) = -v + 14. Let k be o(11). Suppose 8*j - 3*j - 25 = 0, k*u - 5*j + 10 = 0. What is the greatest common divisor of u and q?
5
Let p(t) = -t**2 - 9*t - 10. Let z be p(-8). Let s(k) = -4*k + 2. Let n be s(z). Calculate the greatest common divisor of n and 15.
5
Let f(d) = -d - 1. Let i be f(-4). Let h be i/9*(14 - -1). Suppose 0*x + 2*x = 110. Calculate the greatest common divisor of h and x.
5
Suppose -471 = -4*g - o, -3*g + 153 + 194 = 2*o. What is the greatest common factor of g and 17?
17
Suppose -4*j = -14 - 22. Let h be (3/(-2))/(j/(-66)). Let d = -98 + 219. What is the greatest common factor of d and h?
11
Suppose -c = c - 6. Suppose -f + 9 = 2*f. Let t = f - 1. Calculate the greatest common factor of c and t.
1
Let j(u) = -3*u + 1. Let x be j(-1). Suppose 15 = -5*l, -2*g - 45 = -5*g - 5*l. Let t be g/9 + (-6)/27. What is the greatest common factor of x and t?
2
Let p be 6*(-1)/2*-1. Calculate the highest common factor of 15 and p.
3
Let l = -39 + 71. Calculate the highest common factor of 48 and l.
16
Suppose 6*m + 3*f - 42 = 2*m, -26 = -4*m + 5*f. Let h be 35/14*252/10. Calculate the highest common factor of h and m.
9
Suppose -2*a + 280 = 8*a. Let j = 9 - 5. Suppose -2*n + 5*n - x = 12, -n - x + j = 0. What is the greatest common divisor of n and a?
4
Let t = 86 - 46. What is the highest common divisor of t and 5?
5
Suppose 5*v - 20 = 5. What is the greatest common divisor of 10 and v?
5
Suppose 2*s - 252 - 292 = -5*w, -5*s + w + 1333 = 0. Suppose -3*q + y + 597 = 0, 2*q - 124 = 3*y + s. Calculate the greatest common divisor of q and 25.
25
Suppose -5*a - 90 + 33 = -4*n, 25 = -5*a. Suppose -2*q = -3*i + 8, 3*q = 5*q + i - n. What is the highest common factor of 2 and q?
2
Let a = -1 + 4. Suppose -28 = -a*y + 2. What is the greatest common factor of 70 and y?
10
Suppose 2*q - 28 = 6*q. Let i = q - -21. What is the highest common divisor of 98 and i?
14
Let h(f) = 8*f**2 - 2*f + 1. Let q be h(2). Let y = q - 11. Let t(m) = m**3 - 5*m**2. Let b be t(6). What is the highest common factor of y and b?
18
Let w = 5 + -7. Let l be 6/9*(-33)/w. Let f be (3 - 2)*1*l. Calculate the greatest common divisor of f and 1.
1
Let k = 157 - 93. Suppose -k = 3*y - 253. Calculate the greatest common divisor of 9 and y.
9
Let n(s) = -s**3 - 7*s**2 - 7*s + 11. Let u be n(-6). What is the greatest common divisor of 17 and u?
